-1) - (2 - 3). Let f(p) = -11*p + 3. Let m(z) = i*f(z) - 6*d(z). Give m(l).
-12
Let f(h) = -2*h**2 + 2*h + 3. Let i(m) = 3*m**2 - 3*m - 5. Let v(g) = 4*f(g) + 3*i(g). Suppose 15 = o + 4*o. Give v(o).
3
Let a(q) be the second derivative of q**3/3 + 17*q**2/2 + 14*q - 3. Calculate a(-7).
3
Let v(a) = -a**2 + 37*a - 96. Let s be v(34). Let g(r) be the second derivative of r**5/20 - 7*r**4/12 + 4*r**3/3 - 5*r**2/2 + r. Determine g(s).
7
Let x(m) = -10*m + 1. Let g(c) = 52*c - 5. Let n(s) = 2*g(s) + 11*x(s). Calculate n(2).
-11
Let k(i) be the first derivative of -9 - 1/3*i**3 + 0*i**2 + 0*i. What is k(4)?
-16
Let p(q) = -q**2 + 10*q - 5. Let w(z) = z - 1. Let y(n) = p(n) - 3*w(n). Suppose 76*s + 52 = 80*s. Suppose -s*j + 17*j = 20. Give y(j).
8
Let t = 700 - 709. Let d(j) = -j - 15. Give d(t).
-6
Suppose 89 = -5*r + l, l + 55 = -0*r - 3*r. Let b = 22 + r. Let k(m) be the second derivative of m**5/20 - m**4/4 - 5*m**3/6 - m**2/2 - 3*m. Give k(b).
-5
Suppose 2*l = -4*l + 60. Let z(h) = l + 4*h**2 - 2*h**3 + 3*h - 5 + 3*h**3 - 6. What is z(-4)?
-13
Let p(n) = -2*n**2 + 3*n. Let f(m) = -7*m**2 + 19*m - 1. Let w(z) = f(z) - 3*p(z). Determine w(10).
-1
Let f(s) = -s - 3. Suppose 24*y = 19*y + 150. Let u be (-1)/(-3*(-2)/y). Let w = u + 5. Determine f(w).
-3
Let u(k) = 3*k**3 - 37*k**2 - 8*k + 22. Let j(t) = -t**3 + 18*t**2 + 3*t - 12. Let f(h) = 5*j(h) + 2*u(h). Determine f(-16).
0
Let g(i) = -3*i**3 + 6*i**2 - 4*i + 2. Let j be g(2). Let d be (-15)/90 + 1*(-1)/j. Let p(h) = -h - 3. Give p(d).
-3
Let k be ((-16)/20)/(2/(-5)). Suppose 5*v = k*v. Suppose v = 3*m - m + 6. Let i(g) = g**2 + 5*g + 4. Determine i(m).
-2
Let p(v) = -2*v - 3. Let h(g) = 143*g**3 + g**2 + g. Let u be h(-1). Let r = u + 140. What is p(r)?
3
Let n(s) be the first derivative of s**2/2 - s + 2. Suppose -8*c = -38*c - 270. Give n(c).
-10
Let a(o) = 1. Let t(n) = -5*n - 2. Let q(c) = 2*a(c) + t(c). Suppose -2*y - 32 = m - 2*m, -2*m - 2*y = -46. Let p be (-6)/(-15) - m/(-10). What is q(p)?
-15
Let j(n) = n**2 + n + 2. Let s(g) = 18*g + 1. Let z be s(-1). Let d(a) = -2*a**2 + 6*a + 16. Let v be d(6). Let w = v - z. Give j(w).
8
Suppose 15 = 5*t, 5*u + 15 = 10*t - 15*t. Let x(p) = -1 + 0*p**2 + 6*p**2 + p**3 + 0. What is x(u)?
-1
Let u be (-7)/(-2)*56/(-49). Let q(w) = -2*w - 3*w - 2*w**2 - w. Determine q(u).
-8
Let l(d) be the third derivative of -d**5/30 - d**4/3 + d**3/2 + 12*d**2. Let c(x) = 3*x**2 + 15*x - 6. Let h(z) = -3*c(z) - 5*l(z). Calculate h(4).
-1
Let l(x) be the first derivative of 2*x**3/3 - 4*x**2 - 6*x + 599. Give l(7).
36
Let g(i) = -4*i**2 + i + 1. Let x(a) = -52*a**2 + 14*a + 10. Let n(l) = 12*g(l) - x(l). Calculate n(3).
32
Let j(q) = -q**3 - 9*q**2 + 4. Let u be -6*(9/(-2))/(-3). Let a be j(u). Let v(t) = 0*t**2 + 3*t**3 + t + 5*t**3 - a*t**3 + t**2. Determine v(-1).
-4
Let h(x) = 118*x - 1 + 141*x - 1 + x**2 - 262*x. Let k(s) = s**3 - 5*s**2 + 5*s - 1. Let r be k(4). Determine h(r).
-2
Let r(o) = -2 - 2*o**2 + 42*o - 4*o**3 + 3*o**2 - 2*o**2 - 80*o + 41*o. What is r(1)?
-4
Let k(o) = 2*o**2 + 22*o - 25. Let l be (5 - (-1 - (-7 - -5))) + -16. Calculate k(l).
-1
Let j(h) be the third derivative of -h**6/120 - 7*h**5/60 - 7*h**4/24 + 5*h**3/6 - 95*h**2. Suppose -4*k - 5 = 19. Determine j(k).
11
Let g(y) = -y**2 + 2*y + 1. Let s(w) = 4*w**2 - 11*w - 7. Let h(p) = 5*g(p) + s(p). What is h(-6)?
-32
Let g(p) be the second derivative of -p**5/20 - 2*p**4/3 + 11*p**3/6 + 11*p**2/2 - 22*p + 12. Calculate g(-9).
-7
Suppose -73*t + 80*t + 28 = 0. Let m(k) be the second derivative of 1/2*k**3 + 0 + 1/3*k**4 + 1/20*k**5 + 3*k**2 - 2*k. What is m(t)?
-6
Let p(d) be the third derivative of -d**5/30 - d**4/12 - d**3/6 + 17*d**2. Let s(t) = t + 6. Suppose -j - 7 = -0*j. Let u be s(j). Calculate p(u).
-1
Let s(k) = -k**2 + 12*k - 8. Let q be s(8). Let a be q/(4 + 57/(-12)). Let m = a - -26. Let v(t) = -t + 2. Determine v(m).
8
Suppose -570 - 231 = 89*j. Let m(s) = s**3 + 8*s**2 - 6*s + 9. Determine m(j).
-18
Let j(g) = 4*g + 4. Let t(a) = -a - 1. Let l(n) = -j(n) - 3*t(n). Suppose 101 = 36*w + 353. Determine l(w).
6
Let w(r) = 3*r**3 - 5*r**2 + 5*r + 2. Let g(z) = z**3 - 2*z**2 + 2*z + 1. Let n(y) = 10*y - 5. Let f be n(1). Let d(m) = f*g(m) - 2*w(m). Calculate d(0).
1
Suppose h - 3 = -c, -3*c + h = -3*h - 2. Let q(a) be the third derivative of -1/3*a**3 - c*a**2 + 0 + 1/6*a**4 + 0*a. Give q(-2).
-10
Let f(d) = 16*d**2 - 18*d + 4. Let b(p) = -6*p**2 - p + 2. Let u(x) = -3*b(x) - f(x). Determine u(-11).
1
Let j be -1 + 3 - 0 - -2. Let i(g) be the second derivative of -1/2*g**3 + 1/20*g**5 - 5*g + 0 - 1/4*g**4 - 3/2*g**2. Give i(j).
1
Let c(v) = v + 10. Let u(l) = l + 2. Let p be u(0). Suppose -4*s = 3*o - 4 - 2, 0 = p*o + 4. Suppose 7*b - 2*b = -2*t - 15, 20 = -s*b + t. Determine c(b).
5
Let b = -87 + 81. Let v(g) = -3*g - 6. Let m(u) = -4*u - 5. Let z(t) = -t - 1. Let x(w) = -2*m(w) + 9*z(w). Let o(d) = -v(d) + 2*x(d). Give o(b).
2
Let z(k) = -k + 19. Let t be z(16). Suppose 2*d - t*y = 3*d - 11, -3*y = -4*d + 14. Let x(c) = -c - 2. Give x(d).
-7
Let m be 14*-5*2/(-20). Let g(d) = 3*d + 4 - d - m - 3*d. Give g(-3).
0
Let k(q) = 2*q**2 + 2*q + 5. Let d(j) = -3*j**2 - 2*j - 6. Let u(f) = -4*d(f) - 5*k(f). Let n(l) = 2*l**2 - 2*l - 1. Let r(i) = 5*n(i) - 4*u(i). Calculate r(2).
3
Let u(i) = -1 + 38*i + 38*i - 77*i. Let f(k) = -k**3 - 7*k**2 - 5*k. Let r be ((-117)/(-52))/((-3)/8). Let l be f(r). What is u(l)?
5
Let g(i) = i + 8. Let l = -48 - -88. Let m be 48/9 + -6 + l/6. Give g(m).
14
Let v = 4 - 3. Let y(k) be the first derivative of 0*k**2 - 5 + 2/3*k**3 + 0*k. What is y(v)?
2
Let j(t) be the second derivative of t**3/3 - 7*t**2/2 - 11*t + 6. Calculate j(-7).
-21
Suppose 21 + 3 = 3*n. Suppose -5*j + 2 = -n. Let k(l) = -l + 3*l**2 + 1 + 2*l**j - 5*l**2 - l**2. Calculate k(0).
1
Let f(l) = l**3 + 6*l**2 - 2*l - 3. Let w be (-20501)/3458 + ((-4)/(-2))/(-28). Determine f(w).
9
Let g be -13 + 15 - (4 + 24/(-4)). Let t(v) = -4*v**3 + 8*v**2 - 6*v - 2. Let r(c) = -9*c**3 + 17*c**2 - 13*c - 5. Let q(p) = -3*r(p) + 7*t(p). Determine q(g).
5
Let i(u) = -u**2 + 9*u - 22. Let j be i(6). Let w(n) = -3 - 4*n - 4 + 6. Determine w(j).
15
Let f(i) = 20*i - 540. Let n be f(27). Let a(m) = m - 5. Give a(n).
-5
Let s(n) = n**2 - 3*n + 1. Let c(b) = -2*b**2 + 4*b - 1. Let j(f) = -2*c(f) - 3*s(f). Let p(l) = 2*l**3 - 13*l**2 + 18*l - 75. Let z be p(6). Calculate j(z).
5
Let i(s) = -3*s**3 + s + 1. Let t be (-18)/(-14) - 22/77. Suppose -k + 2*k = -t. What is i(k)?
3
Let m = -28 + 12. Let o = -10 - m. Let z(v) = 2*v**2 - 32 - 6*v - 36 - v**2 - 28 + 94. Give z(o).
-2
Let q(i) = 5*i**3 + i**2 + 7*i + 4. Let p(z) = -9 + 8*z - 12*z - z**2 - 11*z - 5*z**3 - 6*z**3. Let w = -8 + 4. Let x(t) = w*p(t) - 9*q(t). What is x(-4)?
-4
Let i(n) = -n - n + n + 4 + 0*n. Let a be i(-1). Let f(y) = y**3 - 4*y**2 - 4*y + 5. Determine f(a).
10
Let y = -420 + 400. Let w(p) = -p**3 - 19*p**2 + 18*p - 20. Determine w(y).
20
Let z = -40 + 39. Let k(p) = p**3 - 7*p**3 - 19*p + 18*p. Give k(z).
7
Let b(x) = -x**3 - 10*x**2 - 14*x - 43. Let y be b(-9). Let q(n) be the first derivative of -n**4/4 - 3*n**2/2 + 3*n + 2. Determine q(y).
-11
Let t(l) = -13 + 7 + l + 0 + 13. What is t(-6)?
1
Suppose 5 = 3*x - 1. Let s be (-14)/(-49) + 10/14. Let d(j) = -12*j**3 - 3*j**2 + 11*j**3 + 2*j**2 + s + j. Calculate d(x).
-9
Let k be (-10)/(-15)*(-57)/(-2). Let a(l) = 15 + k - 32 - l**2. Calculate a(3).
-7
Let u(g) = g - 1. Suppose 2 + 0 = -k - 5*v, -5*k - 2*v = -13. Suppose k*b + 2*b = 15. Let q(l) = 11*l**2 - l + 2. Let t(r) = b*u(r) + q(r). What is t(1)?
12
Suppose -3 - 9 = -3*c - 3*t, 0 = 3*c - 5*t - 4. Let x(s) = -s**2 + 3*s - 4. Give x(c).
-4
Let q(o) = -5*o**3 + o**2 - 1. Suppose -2*z - 4*f = -0*z + 10, 0 = 3*z + 2*f + 19. Let d(t) = -t**3 - 6*t**2 + 7*t + 1. Let w be d(z). What is q(w)?
-5
Let q(g) = -155 + g + 161 + 0*g. What is q(5)?
11
Let z(x) = -2*x**2 - 2*x + 1. Suppose 5*m - 5*r = 8 - 193, 5*r = -3*m - 151. Let j = m + 44. Calculate z(j).
-11
Let y(u) = 7*u**3 + 6*u**2 + 7*u - 6. Let l(q) = -38*q**3 - 30*q**2 - 36*q + 31. Let b(x) = -2*l(x) - 11*y(x). Determine b(-5).
4
Let y(z) = z - 1. Let t = 33 + -31. Suppose t*h = 1 - 9. What is y(h)?
-5
Suppose 53*y + 207 = 76*y. Let a(t) = t**3 - 10*t**2 + 5*t + 28. Give a(y).
-8
Let t(q